st common factor of 113392 and 6783.
19
Calculate the greatest common factor of 1665 and 18810.
45
Calculate the highest common factor of 12844 and 779.
19
Calculate the greatest common divisor of 17214 and 684.
114
Calculate the highest common divisor of 804 and 1193002.
134
What is the greatest common divisor of 80666 and 15981?
761
Calculate the greatest common factor of 2728 and 11000.
88
What is the highest common factor of 1676489 and 289?
289
What is the greatest common factor of 22815 and 41236?
169
Calculate the greatest common divisor of 5760 and 195.
15
What is the highest common divisor of 6624 and 6336?
288
Calculate the greatest common divisor of 11 and 1923735.
11
Calculate the highest common factor of 2282 and 44499.
1141
What is the highest common factor of 2682 and 672?
6
Calculate the highest common divisor of 23706 and 189.
27
Calculate the highest common divisor of 3538 and 17202.
122
Calculate the greatest common factor of 960 and 21.
3
Calculate the greatest common factor of 166860 and 40.
20
What is the greatest common divisor of 7870 and 38?
2
Calculate the greatest common factor of 19161 and 756.
9
What is the highest common factor of 67 and 859?
1
What is the highest common divisor of 721 and 9064?
103
Calculate the greatest common factor of 16435 and 1045.
95
What is the highest common divisor of 8058 and 337093?
1343
What is the greatest common divisor of 29000 and 200680?
1160
Calculate the highest common factor of 26 and 1308281.
13
What is the greatest common factor of 156912 and 1064?
56
What is the highest common factor of 12 and 129252?
12
What is the highest common factor of 62368 and 64?
32
Calculate the highest common divisor of 2070 and 270.
90
What is the highest common factor of 308 and 1148?
28
What is the highest common divisor of 21934 and 4598?
22
What is the greatest common factor of 1350 and 42876?
54
Calculate the highest common factor of 5022 and 252.
18
Calculate the greatest common divisor of 36 and 277191.
9
Calculate the greatest common divisor of 1320 and 150315.
165
Calculate the highest common divisor of 96 and 17216.
32
What is the highest common factor of 210 and 6135?
15
Calculate the greatest common divisor of 496 and 29808.
16
Calculate the greatest common divisor of 472 and 57938.
118
Calculate the highest common divisor of 670331 and 6129.
227
Calculate the greatest common factor of 693 and 138677.
77
Calculate the highest common divisor of 486 and 639306.
54
Calculate the greatest common divisor of 1248 and 234.
78
Calculate the highest common factor of 3580672 and 96.
32
Calculate the highest common factor of 5247 and 43263.
99
Calculate the greatest common divisor of 13086 and 180.
18
Calculate the greatest common factor of 1148810 and 1040.
130
What is the greatest common divisor of 52 and 1868?
4
Calculate the greatest common divisor of 658581 and 6.
3
What is the greatest common divisor of 1976 and 883766?
494
Calculate the highest common factor of 7 and 73.
1
Calculate the greatest common divisor of 2630 and 16043.
263
What is the highest common divisor of 140 and 350630?
70
What is the highest common divisor of 381999 and 669?
669
What is the greatest common divisor of 14 and 6727?
7
Calculate the greatest common divisor of 539 and 3920.
49
What is the greatest common factor of 28590 and 4040?
10
Calculate the greatest common divisor of 2564294 and 1006.
1006
Calculate the highest common factor of 45231 and 3.
3
Calculate the greatest common factor of 540 and 14985.
135
What is the greatest common factor of 140 and 10420?
20
What is the greatest common factor of 3967842 and 438?
438
Calculate the greatest common divisor of 2650 and 25450.
50
What is the highest common factor of 1360733 and 22?
11
What is the greatest common factor of 1476 and 5748?
12
What is the greatest common divisor of 239856 and 6156?
228
Calculate the greatest common divisor of 6 and 13722.
6
Calculate the greatest common factor of 521892 and 70.
14
What is the highest common factor of 45608 and 324?
4
What is the highest common divisor of 1190 and 285362?
238
What is the greatest common factor of 3157 and 55?
11
What is the greatest common factor of 2838 and 245573?
43
What is the highest common factor of 116 and 206944?
116
What is the greatest common factor of 181176 and 480?
24
What is the highest common factor of 6936 and 4947?
51
Calculate the greatest common factor of 30660 and 13440.
420
What is the greatest common factor of 42 and 124530?
42
Calculate the highest common divisor of 76105 and 5401.
491
Calculate the greatest common divisor of 220 and 1803010.
110
Calculate the greatest common divisor of 4116 and 4020.
12
What is the greatest common divisor of 3128325 and 6?
3
Calculate the highest common divisor of 216 and 154368.
72
What is the greatest common divisor of 35 and 536970?
35
Calculate the highest common factor of 180 and 18.
18
Calculate the greatest common divisor of 5584 and 3452308.
1396
What is the greatest common factor of 117204 and 36?
12
What is the highest common factor of 117 and 591?
3
What is the highest common factor of 1953 and 1167615?
279
What is the greatest common factor of 68 and 1049189?
17
What is the highest common divisor of 42528 and 21?
3
Calculate the greatest common factor of 9552 and 42.
6
Calculate the highest common divisor of 1850 and 4697150.
1850
Calculate the highest common divisor of 110 and 14806.
22
Calculate the greatest common divisor of 5200 and 2184.
104
Calculate the highest common factor of 30550 and 2150.
50
What is the highest common factor of 144075 and 50?
25
What is the highest common divisor of 279567 and 9?
9
What is the highest common divisor of 176 and 46255?
11
Calculate the greatest common factor of 5097843 and 541.
541
Calculate the greatest common factor of 249032 and 4.
4
What is the greatest common divisor of 1105758 and 54?
54
Calculate the highest common factor of 8 and 561488.
8
Calculate the greatest common factor of 405840 and 5472.
912
Calculate the highest common divisor of 15984 and 45.
9
What is the highest common divisor of 44 and 19668?
44
What is the highest common factor of 11910 and 110?
10
What is the highest common factor of 22150 and 800?
50
What is the highest common factor of 476 and 128044?
476
Calculate the greatest common divisor of 1840 and 46.
46
Calculate the highest common factor of 369 and 59819.
41
Calculate the greatest common divisor of 220 and 6295.
5
What is the highest common divisor of 770 and 50974?
154
Calculate the greatest common divisor of 450316 and 4532.
412
Calculate the highest common divisor of 5530 and 113050.
70
Calculate the highest common divisor of 54240 and 60568.
904
Calculate the greatest common factor of 55 and 408485.
55
Calculate the highest common divisor of 298 and 136484.
298
What is the greatest common divisor of 16 and 871888?
16
What is the highest common divisor of 2124 and 2269848?
708
Calculate the greatest common factor of 120 and 50520.
120
Calculate the highest common divisor of 8540 and 2407060.
1220
What is the highest common factor of 375215 and 1515?
505
What is the greatest common divisor of 20872450 and 3175?
3175
What is the greatest common divisor of 77 and 244013?
77
Calculate the greatest common factor of 246168 and 2574.
234
Calculate the greatest common factor of 473 and 69187.
43
Calculate the highest common divisor of 3 and 2090913.
3
Calculate the greatest common divisor of 355 and 37701.
71
What is the highest common factor of 1270 and 413385?
635
What is the highest common factor of 31136 and 2912?
224
Calculate the highest common factor of 6 and 34908.
6
Calculate the greatest common divisor of 10578 and 12642.
258
What is the highest common divisor of 2164 and 636?
4
What is the highest common factor of 11613 and 1391901?
1659
Calculate the greatest common factor of 108 and 157068.
36
What is the highest common divisor of 2088 and 1590012?
1044
What is the greatest common divisor of 1160 and 456?
8
What is the highest common divisor of 10975 and 750?
25
Calculate the greatest common factor of 33 and 308946.
33
Calculate the greatest common divisor of 5561 and 10117.
67
What is the highest common factor of 3901 and 43907?
83
What is t